[INFO] cloning repository https://github.com/natumn/rush
[INFO] running `Command { std: "git" "-c" "credential.helper=" "-c" "credential.helper=/workspace/cargo-home/bin/git-credential-null" "clone" "--bare" "https://github.com/natumn/rush" "/workspace/cache/git-repos/https%3A%2F%2Fgithub.com%2Fnatumn%2Frush", kill_on_drop: false }`
[INFO] [stderr] Cloning into bare repository '/workspace/cache/git-repos/https%3A%2F%2Fgithub.com%2Fnatumn%2Frush'...
[INFO] running `Command { std: "git" "rev-parse" "HEAD", kill_on_drop: false }`
[INFO] [stdout] 2694e8c475f1ccc4f3101640db36be101d62a13f
[INFO] checking natumn/rush against try#72f88fc4e9458f89516a0b8b0868f3718aec5b47 for pr-74989
[INFO] running `Command { std: "git" "clone" "/workspace/cache/git-repos/https%3A%2F%2Fgithub.com%2Fnatumn%2Frush" "/workspace/builds/worker-7/source", kill_on_drop: false }`
[INFO] [stderr] Cloning into '/workspace/builds/worker-7/source'...
[INFO] [stderr] done.
[INFO] validating manifest of git repo https://github.com/natumn/rush on toolchain 72f88fc4e9458f89516a0b8b0868f3718aec5b47
[INFO] running `Command { std: "/workspace/cargo-home/bin/cargo" "+72f88fc4e9458f89516a0b8b0868f3718aec5b47" "read-manifest" "--manifest-path" "Cargo.toml", kill_on_drop: false }`
[INFO] started tweaking git repo https://github.com/natumn/rush
[INFO] finished tweaking git repo https://github.com/natumn/rush
[INFO] tweaked toml for git repo https://github.com/natumn/rush written to /workspace/builds/worker-7/source/Cargo.toml
[INFO] crate git repo https://github.com/natumn/rush already has a lockfile, it will not be regenerated
[INFO] running `Command { std: "/workspace/cargo-home/bin/cargo" "+72f88fc4e9458f89516a0b8b0868f3718aec5b47" "fetch" "--locked" "--manifest-path" "Cargo.toml", kill_on_drop: false }`
[INFO] [stderr]     Blocking waiting for file lock on package cache
[INFO] running `Command { std: "docker" "create" "-v" "/var/lib/crater-agent-workspace/builds/worker-7/target:/opt/rustwide/target:rw,Z" "-v" "/var/lib/crater-agent-workspace/builds/worker-7/source:/opt/rustwide/workdir:ro,Z" "-v" "/var/lib/crater-agent-workspace/cargo-home:/opt/rustwide/cargo-home:ro,Z" "-v" "/var/lib/crater-agent-workspace/rustup-home:/opt/rustwide/rustup-home:ro,Z" "-e" "SOURCE_DIR=/opt/rustwide/workdir" "-e" "CARGO_TARGET_DIR=/opt/rustwide/target" "-e" "CARGO_HOME=/opt/rustwide/cargo-home" "-e" "RUSTUP_HOME=/opt/rustwide/rustup-home" "-w" "/opt/rustwide/workdir" "-m" "1610612736" "--user" "0:0" "--network" "none" "rustops/crates-build-env@sha256:d92eaeed33fa75130ca1ee6c8a01d1ffb62bac859dfdfb3450e3e5d1c0146529" "/opt/rustwide/cargo-home/bin/cargo" "+72f88fc4e9458f89516a0b8b0868f3718aec5b47" "metadata" "--no-deps" "--format-version=1", kill_on_drop: false }`
[INFO] [stderr] WARNING: Your kernel does not support swap limit capabilities or the cgroup is not mounted. Memory limited without swap.
[INFO] [stdout] 8a720daa83c03cbb09356b7135bbee64d64420f29a37337308e41a6b65b164b0
[INFO] running `Command { std: "docker" "start" "-a" "8a720daa83c03cbb09356b7135bbee64d64420f29a37337308e41a6b65b164b0", kill_on_drop: false }`
[INFO] running `Command { std: "docker" "inspect" "8a720daa83c03cbb09356b7135bbee64d64420f29a37337308e41a6b65b164b0", kill_on_drop: false }`
[INFO] running `Command { std: "docker" "rm" "-f" "8a720daa83c03cbb09356b7135bbee64d64420f29a37337308e41a6b65b164b0", kill_on_drop: false }`
[INFO] [stdout] 8a720daa83c03cbb09356b7135bbee64d64420f29a37337308e41a6b65b164b0
[INFO] running `Command { std: "docker" "create" "-v" "/var/lib/crater-agent-workspace/builds/worker-7/target:/opt/rustwide/target:rw,Z" "-v" "/var/lib/crater-agent-workspace/builds/worker-7/source:/opt/rustwide/workdir:ro,Z" "-v" "/var/lib/crater-agent-workspace/cargo-home:/opt/rustwide/cargo-home:ro,Z" "-v" "/var/lib/crater-agent-workspace/rustup-home:/opt/rustwide/rustup-home:ro,Z" "-e" "SOURCE_DIR=/opt/rustwide/workdir" "-e" "CARGO_TARGET_DIR=/opt/rustwide/target" "-e" "CARGO_INCREMENTAL=0" "-e" "RUST_BACKTRACE=full" "-e" "RUSTFLAGS=--cap-lints=forbid" "-e" "CARGO_HOME=/opt/rustwide/cargo-home" "-e" "RUSTUP_HOME=/opt/rustwide/rustup-home" "-w" "/opt/rustwide/workdir" "-m" "1610612736" "--user" "0:0" "--network" "none" "rustops/crates-build-env@sha256:d92eaeed33fa75130ca1ee6c8a01d1ffb62bac859dfdfb3450e3e5d1c0146529" "/opt/rustwide/cargo-home/bin/cargo" "+72f88fc4e9458f89516a0b8b0868f3718aec5b47" "check" "--frozen" "--all" "--all-targets" "--message-format=json", kill_on_drop: false }`
[INFO] [stdout] 3606adb31464bdd27ef20eca7eff4413ecf13abe1e07dcfd1ed19ecdeaa432f0
[INFO] [stderr] WARNING: Your kernel does not support swap limit capabilities or the cgroup is not mounted. Memory limited without swap.
[INFO] running `Command { std: "docker" "start" "-a" "3606adb31464bdd27ef20eca7eff4413ecf13abe1e07dcfd1ed19ecdeaa432f0", kill_on_drop: false }`
[INFO] [stderr]     Checking rush v0.1.0 (/opt/rustwide/workdir)
[INFO] [stdout] warning: unused import: `std::error::Error`
[INFO] [stdout]  --> src/main.rs:3:5
[INFO] [stdout]   |
[INFO] [stdout] 3 | use std::error::Error;
[INFO] [stdout]   |     ^^^^^^^^^^^^^^^^^
[INFO] [stdout]   |
[INFO] [stdout]   = note: `#[warn(unused_imports)]` on by default
[INFO] [stdout] 
[INFO] [stdout] 
[INFO] [stdout] warning: unused import: `std::error::Error`
[INFO] [stdout]  --> src/main.rs:3:5
[INFO] [stdout]   |
[INFO] [stdout] 3 | use std::error::Error;
[INFO] [stdout]   |     ^^^^^^^^^^^^^^^^^
[INFO] [stdout]   |
[INFO] [stdout]   = note: `#[warn(unused_imports)]` on by default
[INFO] [stdout] 
[INFO] [stdout] 
[INFO] [stdout] error[E0599]: no method named `write_fmt` found for struct `Stderr` in the current scope
[INFO] [stdout]     --> src/main.rs:15:13
[INFO] [stdout]      |
[INFO] [stdout] 15   |             writeln!(io::stderr(), "error: {:?}", err).unwrap();
[INFO] [stdout]      |             ^^^^^^^^^^^^^^^^^^^^^^^^^^^^^^^^^^^^^^^^^^ method not found in `Stderr`
[INFO] [stdout]      |
[INFO] [stdout]      = help: items from traits can only be used if the trait is in scope
[INFO] [stdout]      = note: this error originates in a macro (in Nightly builds, run with -Z macro-backtrace for more info)
[INFO] [stdout] help: the following trait is implemented but not in scope; perhaps add a `use` for it:
[INFO] [stdout]      |
[INFO] [stdout] 1    | use std::io::Write;
[INFO] [stdout]      |
[INFO] [stdout] 
[INFO] [stdout] 
[INFO] [stdout] error[E0282]: type annotations needed
[INFO] [stdout]   --> src/main.rs:22:9
[INFO] [stdout]    |
[INFO] [stdout] 22 |     let args = env::args().collect();
[INFO] [stdout]    |         ^^^^ consider giving `args` a type
[INFO] [stdout] 
[INFO] [stdout] 
[INFO] [stdout] error: aborting due to 2 previous errors; 1 warning emitted
[INFO] [stdout] 
[INFO] [stdout] 
[INFO] [stdout] Some errors have detailed explanations: E0282, E0599.
[INFO] [stdout] 
[INFO] [stdout] For more information about an error, try `rustc --explain E0282`.
[INFO] [stdout] 
[INFO] [stderr] error: could not compile `rush`.
[INFO] [stderr] 
[INFO] [stderr] To learn more, run the command again with --verbose.
[INFO] [stderr] warning: build failed, waiting for other jobs to finish...
[INFO] [stdout] error[E0599]: no method named `write_fmt` found for struct `Stderr` in the current scope
[INFO] [stdout]     --> src/main.rs:15:13
[INFO] [stdout]      |
[INFO] [stdout] 15   |             writeln!(io::stderr(), "error: {:?}", err).unwrap();
[INFO] [stdout]      |             ^^^^^^^^^^^^^^^^^^^^^^^^^^^^^^^^^^^^^^^^^^ method not found in `Stderr`
[INFO] [stdout]      |
[INFO] [stdout]      = help: items from traits can only be used if the trait is in scope
[INFO] [stdout]      = note: this error originates in a macro (in Nightly builds, run with -Z macro-backtrace for more info)
[INFO] [stdout] help: the following trait is implemented but not in scope; perhaps add a `use` for it:
[INFO] [stdout]      |
[INFO] [stdout] 1    | use std::io::Write;
[INFO] [stdout]      |
[INFO] [stdout] 
[INFO] [stdout] 
[INFO] [stdout] error[E0282]: type annotations needed
[INFO] [stdout]   --> src/main.rs:22:9
[INFO] [stdout]    |
[INFO] [stdout] 22 |     let args = env::args().collect();
[INFO] [stdout]    |         ^^^^ consider giving `args` a type
[INFO] [stdout] 
[INFO] [stdout] 
[INFO] [stdout] error: aborting due to 2 previous errors; 1 warning emitted
[INFO] [stdout] 
[INFO] [stdout] 
[INFO] [stdout] Some errors have detailed explanations: E0282, E0599.
[INFO] [stdout] 
[INFO] [stdout] For more information about an error, try `rustc --explain E0282`.
[INFO] [stdout] 
[INFO] [stderr] error: build failed
[INFO] running `Command { std: "docker" "inspect" "3606adb31464bdd27ef20eca7eff4413ecf13abe1e07dcfd1ed19ecdeaa432f0", kill_on_drop: false }`
[INFO] running `Command { std: "docker" "rm" "-f" "3606adb31464bdd27ef20eca7eff4413ecf13abe1e07dcfd1ed19ecdeaa432f0", kill_on_drop: false }`
[INFO] [stdout] 3606adb31464bdd27ef20eca7eff4413ecf13abe1e07dcfd1ed19ecdeaa432f0
